n factor of i and 99.
33
Suppose -2*r + 144 = -5*f - 27, 470 = 5*r - 4*f. Suppose 44 + 18 = 5*k + 2*n, 2*k = -2*n + 20. What is the greatest common divisor of r and k?
14
Let d be 3*(-6 - (-3 + (-93)/9)). What is the greatest common divisor of d and 121?
11
Suppose -27 = -l + 14. Let n be 6*(-2)/(-3) + l. Suppose 0 = -3*d + 2 + 4, 5*h - 5*d - n = 0. What is the highest common factor of 55 and h?
11
Suppose -2*h + 0 = -10. Let w be ((-1568)/686)/((-4)/70). What is the highest common divisor of w and h?
5
Suppose -6*p + 4*p + 508 = 0. Let k be 3*p/27 - (-4)/(-18). What is the highest common divisor of k and 70?
14
Let d = -407 - -452. Calculate the highest common divisor of 120 and d.
15
Suppose 5*n = -5*c + 2*c + 109, -3*c + 117 = 3*n. Let z = c + -28. Calculate the greatest common factor of z and 120.
15
Suppose -3*q - 89 = -7*q + 5*s, q - 29 = -s. Calculate the highest common factor of q and 91.
13
Suppose 0 = -y + 3. Suppose 0 = -3*x + y*c + 69, 6*c - 5*c - 13 = -x. Let r be ((-18)/8)/(3/(-36)). What is the highest common factor of x and r?
9
Suppose 7*k - 83 + 27 = 0. Let i(c) = 5*c. Let w be i(k). Suppose 0 = -5*d + 15 + w. What is the highest common divisor of d and 11?
11
Let k be 1514/7 + 96/(-336). What is the greatest common divisor of k and 54?
54
Suppose -5*y = -15, -4*y + 5*y = -m + 7. Let d be (5 + -2)/(m/76). Let w = -36 + d. Calculate the highest common divisor of w and 147.
21
Let n(g) = g**3 - 4*g - 25. Let d be n(5). Calculate the highest common factor of 128 and d.
16
Let o = -315 + 354. What is the highest common divisor of o and 65?
13
Suppose -8934 = 72*i - 28086. Calculate the highest common factor of i and 98.
14
Let q(t) = -t**3 + 31*t**2 - 2*t + 94. Let a be q(31). What is the highest common factor of 2 and a?
2
Let y = -20 - -36. Let k be (y/(-6))/(5/(-30)). Calculate the greatest common divisor of k and 8.
8
Suppose 32*h - 27*h - 3*x = 27, h = -5*x + 11. Calculate the highest common factor of 14 and h.
2
Suppose 3*u + 537 = 5*f - 1073, 4*f = 2*u + 1290. Calculate the greatest common factor of 13 and f.
13
Let v(c) = 7*c + 14. Let m be v(-6). Let o = m + 18. Let y be -5*12/o*1. Calculate the highest common factor of 30 and y.
6
Let r = -1387 + 1485. Let o = 26 + -12. Calculate the highest common divisor of o and r.
14
Let q = 307 + -13. Let o = -5 + 8. Suppose -q = -o*g - 0*g. What is the highest common divisor of g and 14?
14
Let z(b) = 3*b - 6. Let g be z(3). Suppose g*p - 41 = 10. Let l(c) = -c**2 - 19*c - 16. Let q be l(-12). What is the greatest common divisor of q and p?
17
Let p be 32/20 + (-2)/(-5). Let w = 11 - p. Let l(j) = -81*j**3 - j**2 - 3*j - 2. Let y be l(-1). Calculate the greatest common factor of w and y.
9
Let d be 291/1*((-16)/(-6) + -2). Suppose -8*o + d = 50. Calculate the greatest common factor of 9 and o.
9
Suppose 0 = 2*j, 6*o - 3*j + 48 = 10*o. Calculate the greatest common factor of o and 12.
12
Let p(c) = 11*c**2 - 12*c - 9. Let v be p(-6). Calculate the greatest common factor of 17 and v.
17
Let m be (16 + 1*-1)*124/(-155). Let g = 6 - m. Calculate the greatest common factor of g and 12.
6
Let v(c) = 9*c**2 + 2. Suppose -3*q + 5*z - 9 = 2, -q = -5*z + 17. Let g be v(q). Let p = g - 51. What is the greatest common factor of 128 and p?
32
Let m(u) = -3*u**3 + 25*u**2 + 87*u + 6. Let a be m(-4). What is the highest common divisor of 200 and a?
50
Suppose -2*p - 5*z + z = -1324, 5*p - 3*z = 3375. What is the highest common factor of p and 21?
21
Suppose -4*f - 121 = 47. Let p = -39 - -99. Let a = p + f. Calculate the greatest common factor of 126 and a.
18
Suppose d + 270 = 3*z - d, -d + 187 = 2*z. Let a be ((-30)/(-56) + 4/(-14))*z. What is the highest common factor of a and 23?
23
Suppose 0 = 2*k + 7 + 13. Let y = k + 17. Let z(t) = 7*t + 6. Let w be z(y). What is the highest common factor of 5 and w?
5
Let f(q) = -q**3 - 25*q**2 + 53*q + 18. Let x be f(-27). What is the greatest common divisor of 255 and x?
15
Let a(c) = -c**3 - 9*c**2 - 7*c + 10. Let s be a(-8). Suppose 26 - s = x. What is the greatest common divisor of x and 16?
8
Let h be 3*2 + (-13 + 6 - -4). Calculate the greatest common divisor of h and 33.
3
Let w(t) = -97*t + 980. Let f be w(-6). Calculate the greatest common divisor of f and 44.
22
Let d = -7994 - -8006. Let q(p) = 4*p**2 + 2*p. Let i be q(-6). Calculate the greatest common divisor of d and i.
12
Let p = 234 - 98. Suppose 4*n - 72 = -4*d, 0 = 3*n + 7*d - 2*d - 56. Calculate the greatest common factor of n and p.
17
Suppose 3*m + 76 = p, 2*p + 5*m + 80 = 3*p. Let w be (-9)/((-59)/14 - -4). Calculate the highest common factor of p and w.
14
Let c be ((-80)/(-24))/(4/6). Suppose -2*g = -c*g + 12. Calculate the greatest common divisor of g and 20.
4
Suppose 22 = 6*i - 50 - 126. Let p = -270 + 435. Calculate the highest common factor of i and p.
33
Let p(l) = -l**3 + l - 6. Let v be p(-3). Suppose 0*w + 45 = 5*w - 5*y, 3*y = -2*w + v. What is the highest common factor of w and 63?
9
Let d be 1*14/84*(-2 + 38). Let w = 22 + 32. What is the greatest common factor of d and w?
6
Let v be ((-16)/(-32))/((-2)/(-12)). Suppose 0 = z + v*z + 40. Let f be 2/z + (-9416)/(-55). Calculate the highest common divisor of f and 19.
19
Let a = 209 + -185. What is the highest common divisor of 108 and a?
12
Suppose -5*h + 458 = -3*h + 2*c, 0 = -5*h + 5*c + 1105. Suppose 11*t - 6*t = 5*n + 70, -3*t - n + 22 = 0. What is the greatest common factor of t and h?
9
Suppose 3*x - x + 2460 = 5*c, 3*x + 1467 = 3*c. Calculate the greatest common divisor of 130 and c.
26
Let f(s) = -5*s + 5. Let d be f(-6). Suppose 112 = 4*k + 12*k. What is the greatest common divisor of d and k?
7
Suppose 2*t = 4*c - 112, 4*c - 48 - 56 = -2*t. Let h be (-9)/(-4)*288/c. Let n = 8 - 5. What is the highest common divisor of n and h?
3
Let v = 597 - 272. Calculate the greatest common factor of 13 and v.
13
Suppose 0 = 7*x + 2288 - 6929. Suppose 2*k = -5*l + 351, -k + x = 3*k - 3*l. What is the highest common factor of 21 and k?
21
Let o be 112 - (24/4 + -2). Suppose 5*r - o = -r. Let v = 324 - 198. What is the greatest common factor of v and r?
18
Let w be 1/(-2) + (-7136)/(-64). Let m = w - 76. What is the highest common factor of m and 70?
35
Let x = 27 + 68. What is the highest common divisor of 57 and x?
19
Let k = 37 + -20. Let a = -28 - -64. Let v be (0 - 2)*(2 - (0 + a)). Calculate the highest common divisor of v and k.
17
Let u = 989 + -978. Let p be (-2)/7 - 36/(-28). Calculate the highest common divisor of p and u.
1
Suppose 4*z - 2*w - 34 = 0, 4*z + 17 = -w + 48. Let x be (42/z)/((-7)/(-28)). Let v(i) = i + 8. Let d be v(6). Calculate the highest common divisor of d and x.
7
Let d be (30/(-21))/((-4)/28). Suppose -3*l + 6 = -2*b, -5*b = l - 2*l - 11. Calculate the highest common factor of d and l.
2
Suppose -2*y + y + 43 = -5*k, -4*k - 162 = -3*y. Let b = y + -47. What is the highest common factor of b and 11?
11
Let c(t) = 3*t + 16. Let a be c(8). Let v = 16 - 11. What is the highest common factor of v and a?
5
Suppose -258 = -13*n + 9*n + 2*z, 2*n = -3*z + 125. Calculate the greatest common divisor of n and 8.
8
Suppose 9 = n + c, 15*n = 19*n - 5*c. What is the highest common divisor of n and 45?
5
Let k(q) = q**3 - q**2 + q + 80. Let r be k(0). Suppose 3*p + 80 = g, 143 - 11 = -5*p + 2*g. Let n = p + 44. Calculate the greatest common factor of n and r.
16
Let a = -23 - -41. Let t = -10 + a. What is the highest common divisor of 16 and t?
8
Suppose -5*i + 454 = h, -12*i + 9*i - 4*h = -269. Calculate the greatest common factor of 3094 and i.
91
Suppose -8*r - 10 = 6. Let g be (5 + 1)/(2/(-8)*r). Calculate the highest common factor of 6 and g.
6
Let q(l) = 4*l**3 + 5*l**2 - 9*l + 8. Let y be q(2). Calculate the greatest common factor of 14 and y.
14
Suppose 2*u - 5*h - 61 = -u, -4*u + 5*h = -73. Suppose -267 = -u*t + 381. Calculate the greatest common factor of 18 and t.
18
Let t(h) = -h**2 + 6*h + 17. Let z be t(8). Let o be (-74 + 2)/(-3)*z. Suppose 144 = 6*a - 2*a. What is the greatest common divisor of a and o?
12
Suppose -2*r - 3*c = -225, 5*c = -4*r + 10*c + 505. Calculate the greatest common factor of 60 and r.
60
Suppose 25*z + 6 = 27*z. Calculate the greatest common divisor of z and 6.
3
Let 